k) = c(k) + 4*h(k). Let s be o(-4). Suppose -s*y + 18 = -30. Calculate the highest common factor of y and 112.
16
Let y = -84 + 86. Let u = 16 + y. Calculate the highest common factor of 90 and u.
18
Let x(o) = o**3 - o**2 + 16. Let b be 0 - 2 - 6/(-3). Let t be x(b). Suppose -94 = -3*p + 290. What is the highest common factor of t and p?
16
Let p(y) = y**2 - 15*y + 1. Let k(d) = 1. Let x(r) = k(r) + p(r). Let o be x(16). Let g be ((-408)/o)/((-6)/9). What is the highest common factor of g and 136?
34
Let o(z) = -6*z**3 - 3*z**2 + z + 2. Let a be o(-2). Calculate the greatest common factor of a and 96.
12
Let b be 19 + (-12)/(48/20). Calculate the highest common factor of b and 1582.
14
Let s = 48 + -54. Let w(f) = -5*f + 15. Let k be w(s). Calculate the highest common divisor of k and 5.
5
Let c(w) = -w**3 - 5*w**2 + 4*w + 53. Let f be c(-5). What is the greatest common factor of f and 6?
3
Let k = -348 + 351. Calculate the greatest common divisor of 57 and k.
3
Let m be (-951)/(-15) - (-4)/(-10). Let y(b) = -2*b**2 + 2*b + 8. Let c be y(-4). Let z = c + 39. What is the highest common factor of m and z?
7
Suppose -8*z + 5*z + 57 = 0. Calculate the greatest common factor of 361 and z.
19
Let y(m) = 9*m**2 - m + 378. Let t be y(0). Calculate the greatest common factor of 12 and t.
6
Let l(w) = -w**2 - 25*w - 12. Let v be l(-23). What is the highest common divisor of v and 1?
1
Let m be (132/(-10))/(81/(-1350)). Calculate the greatest common factor of 88 and m.
44
Suppose -150*a - 80 = -2*y - 151*a, 214 = 5*y - a. What is the greatest common divisor of y and 189?
21
Suppose 4*o = 5*l - 595, -2 = -2*l + o + 236. Calculate the greatest common factor of 68 and l.
17
Suppose -4*u + 78 = l, -2*l - 5*u = 2*l - 345. Suppose 4*s - 66 = l. Let c be 80/6 + (-4)/12. Calculate the highest common factor of c and s.
13
Let s = 32 - 16. Suppose 0*a - 4*a = -s, 0 = 2*o - 5*a + 8. Suppose -o + 0 = -h. What is the highest common divisor of 4 and h?
2
Let x(z) = -z - 1. Let t be x(-4). Suppose -t*b - 6*b = -90. What is the highest common factor of 10 and b?
10
Let w be (-1 - (-34)/4)*(-304)/(-95). Calculate the highest common factor of w and 126.
6
Suppose -2*i - 20 = -3*i. Let y be 25/1 + 395/(-79). Calculate the highest common factor of i and y.
20
Suppose 0 = r + 4 - 15. Suppose 8 - 140 = -r*c. Calculate the highest common factor of c and 84.
12
Let h = -1159 - -1172. What is the highest common factor of h and 52?
13
Let x be 26/1 + 0/(-1). Suppose -5*t + 15 = 0, -11*v = -7*v + 4*t - 220. Calculate the greatest common factor of x and v.
26
Suppose 4*w - 8 = 0, 0*p - 650 = -5*p + 5*w. Let r = 10 - 5. Suppose r*t = -o + p, -153 + 417 = 2*o - 2*t. Calculate the greatest common factor of 12 and o.
12
Let b be (-9)/(-2) - ((-5)/(-2) - 1). What is the highest common factor of b and 17?
1
Let m(u) = -3*u - 21. Let c be m(-7). Suppose 0 = -5*q - c*q + 60. Let y(p) = 2*p**2 - p + 2. Let l be y(2). What is the highest common factor of q and l?
4
Let s(x) be the third derivative of x**4/6 + x**3/6 + 2*x**2. Let p be s(2). Let g = -42 + 51. Calculate the highest common factor of p and g.
9
Suppose 0 = -24*n + 8*n + 9152. Calculate the greatest common factor of n and 52.
52
Let v(o) = -o**3 - 36*o**2 - 107*o + 63. Let f be v(-33). Calculate the highest common factor of 436 and f.
109
Let o be (-168)/(((-6)/16)/(8/32)). Calculate the greatest common factor of 14 and o.
14
Suppose j + 4*j = 75. Suppose 14*r = 10*r + 2560. Suppose -4*b - 3*i + 231 = -444, -4*b + 4*i + r = 0. What is the highest common factor of b and j?
15
Suppose 52*y + 1064 - 3248 = 0. Calculate the highest common factor of 102 and y.
6
Suppose -57*o + 89*o = 1920. Let u be 1/((-1)/(-10)) - -2. Calculate the highest common divisor of u and o.
12
Let v(m) = -m**2 + 4*m + 1. Let a be v(3). Let p(s) = a*s - 41 + 6*s**2 - s**3 + 41. Let j be p(-4). What is the highest common factor of 18 and j?
18
Let s be 4/14 - (-1380)/70. Let l = -2 + 22. What is the highest common factor of s and l?
20
Let t be (-189)/14*4/(-3). Suppose -5*h + 55 = -0*h. Suppose 0 = 4*j - 349 - h. What is the greatest common divisor of t and j?
18
Let o be (42/(-7))/(6/(-4)). Suppose -150 = 2*n - o*n. Suppose n = k + 2*k. Calculate the greatest common factor of 100 and k.
25
Let k(v) = v**2 + 10*v + 11. Let d be k(-11). Let q = 191 + 7. Calculate the greatest common divisor of d and q.
22
Suppose 40*c - 43*c = -528. Calculate the greatest common divisor of 16 and c.
16
Suppose 0 = 5*u + 4*z - 10, -z = -5*u - 17 + 2. Let i(f) = 3*f**2 + 7*f + 15. Let o be i(u). Calculate the greatest common factor of o and 13.
13
Let h = 62 - 54. Calculate the greatest common divisor of 112 and h.
8
Let w be -10 - -122*8/16. Calculate the greatest common divisor of 9 and w.
3
Suppose -53*u - 19074 = -87*u. Calculate the highest common divisor of 119 and u.
17
Let b(f) = 54*f - 3. Let q = 1 + 1. Let p be b(q). Let k = 28 + -13. What is the greatest common divisor of k and p?
15
Let n(p) = p**2 + 12. Let o be n(0). Suppose o = -f - 1. Let q = -7 - f. What is the highest common divisor of q and 12?
6
Suppose -3*h - 3*i + 164 = 32, i = -4*h + 164. Calculate the highest common divisor of 8 and h.
8
Let s = 67 + -59. Let g = -66 - -154. Calculate the greatest common divisor of s and g.
8
Suppose 0 = 2*r + 3*b - 73 - 149, -4*b = 3*r - 332. Let l = 15 + -3. What is the highest common divisor of r and l?
12
Suppose 3*b = 12 - 0. Suppose 0 = -q - b + 1. Let o be ((-9)/(-3))/q + 31. Calculate the highest common divisor of 20 and o.
10
Let z(u) = -61*u**3 + 7*u**2 + 2*u - 4. Let o be z(-1). Calculate the highest common factor of o and 1705.
31
Suppose 0 = 4*g + 20, 4*l + l - 3*g = 185. Suppose -10 = 4*q - l. Suppose 20 = 3*i + 2. Calculate the greatest common factor of i and q.
6
Let z(h) = -2*h**3 - 2*h**2 + 3*h + 3. Let k be z(-2). Suppose 3*i = -2*i + k. Let w = -58 + 61. What is the greatest common factor of w and i?
1
Let x = 224 + -206. What is the highest common factor of 909 and x?
9
Let c(a) = 4*a + 38. Let g be c(-5). What is the highest common factor of g and 18?
18
Let l(d) = 15*d**2 + 2*d + 2. Let j be l(-1). Suppose -17 + j = -w. Suppose w*o = 10 + 24. Calculate the greatest common divisor of o and 17.
17
Let h = 53 - 51. Suppose 0*w + 18 = w. Suppose -h*o + w = -o. What is the greatest common factor of o and 9?
9
Let a = 9 - 68. Let i = a + 33. Let k = 62 + i. Calculate the greatest common divisor of k and 9.
9
Let m = -111 + 121. Suppose 8 = -m*q + 28. What is the highest common factor of 44 and q?
2
Suppose 13*p - 951 = -288. Calculate the greatest common factor of 136 and p.
17
Suppose -3*d + 48 = -f - 106, 5*f = 5*d - 250. Let v be -15*8/6*-13. Calculate the highest common divisor of d and v.
52
Suppose 7*x = 2*x + 200. Let u = x + 79. Suppose -3*y - 5 = 7, 5*z - y = 89. What is the highest common divisor of z and u?
17
Let u = -15 + 31. Let p(a) = a**3 + 2*a**2 + 6*a - 29. Let n be p(5). Calculate the greatest common factor of n and u.
16
Suppose -g - 4*a = -24, -82 = -3*g + 9*a + 53. Calculate the highest common factor of g and 774.
18
Let d = -86 - -81. Let g(j) = -6*j - 1. Let v be g(d). What is the greatest common divisor of 232 and v?
29
Let q(l) = 4*l**2 + 42*l - 30. Let g be q(-25). What is the greatest common divisor of g and 40?
20
Let q = 59 + 304. Suppose 2*k + k = q. Calculate the highest common factor of k and 11.
11
Let s(r) = -r + 11. Let o be s(6). Suppose 5*k - 2*i = 13 + o, 0 = -4*i + 4. Suppose -k - 1 = -5*f. Calculate the highest common factor of f and 9.
1
Let r be (4 + 1)*6/15. Let q be 4*(25/5 + -3). Calculate the greatest common factor of q and r.
2
Let f be (28 - 210/14)*26/2. Calculate the greatest common divisor of 676 and f.
169
Suppose -2*q + 4*q - 96 = 0. Let w be -2*10/140 + 2523/21. Calculate the greatest common divisor of w and q.
24
Let x = 538 - 227. Suppose 6*j - 19 = x. Calculate the greatest common divisor of 44 and j.
11
Suppose -5*v = 3*h - 80, -3*h + h + 3*v + 28 = 0. Let l be h/(-30) - (58/(-6) + -2). Calculate the greatest common factor of 77 and l.
11
Suppose 3*f = -8*f + 187. Calculate the greatest common divisor of f and 527.
17
Let r(k) = k**3 + 4*k**2 - 9*k + 5. Let u be r(-5). What is the greatest 